ose -p + 11 = -3*a, p + a + 2 - 5 = 0. Calculate the remainder when 36 is divided by p.
1
Let v(l) = l - 9. Let a be v(-6). Let y = -7 - a. Calculate the remainder when 39 is divided by y.
7
Calculate the remainder when 2030/18 - 72/(-324) is divided by 59.
54
Let g be -1*(-3 + 6/1). Let z = -2 - g. Calculate the remainder when 47 is divided by (-2)/(4/(-30)) + z.
15
Suppose 5*h + 0*h + 8 = 2*q, -3*q = 3*h - 12. Suppose -103 + 3 = -q*p. Let s(y) = -2*y - 1. What is the remainder when p is divided by s(-5)?
7
Suppose 2*r = -2*r - 4*w + 32, w = 2*r - 10. What is the remainder when 18 is divided by r/4*(-32)/(-6)?
2
Suppose 3*k - 10 = k. Suppose -33 = -k*q + 92. Let b(h) = -h + 13. What is the remainder when q is divided by b(6)?
4
Let m be ((-126)/(-32))/(3/4)*20. Suppose -5*x + m = 2*x. Calculate the remainder when 58 is divided by x.
13
Suppose 3*f - 9 = o, -o - f = f - 11. Calculate the remainder when 48 is divided by (1 - 1) + o/((-12)/(-100)).
23
Suppose j - v + 2 = 0, v + 1 = 4*j - 3. Suppose j*d - 5*d + 6 = 0. Calculate the remainder when 4 is divided by d.
0
Let t = 93 - 193. Let v = t + 141. Calculate the remainder when v is divided by 16.
9
Let z(k) = k**2 + 4*k - 20. Let a(q) = 3 - 4 + 2*q - q**2 + 2*q**2. Calculate the remainder when a(-6) is divided by z(4).
11
Let m = 121 + -111. Suppose 7*h - 8*h + m = 0. Calculate the remainder when 37 is divided by h.
7
Suppose 3*c = 2*o + 167, -46 - 80 = -2*c + 5*o. What is the remainder when c is divided by 14?
11
Suppose -3*h + 69 = 2*y + y, 0 = -2*h + 4*y + 64. Suppose 0 = 3*w - 2*u - h, -3*w - 2*u - 2 = -2*w. What is the remainder when 29 is divided by w?
5
What is the remainder when 94 is divided by 1452/84 - (-4)/(-14)?
9
Let g(w) = 3*w + 5. Let q = 339 - 330. What is the remainder when g(4) is divided by q?
8
Suppose 59*n = 54*n + 575. What is the remainder when n is divided by 20?
15
Suppose 4*d = 2*z + 98, 174 = -3*z - 4*d + d. Let g be (6/(-10))/(11/z). Suppose 0*y + g*y - 225 = 0. What is the remainder when y is divided by 26?
23
Let r = -645 - -924. What is the remainder when r is divided by 94?
91
Let g = -7124 - -7154. What is the remainder when 2510/14 - 2/7 is divided by g?
29
Suppose -1028 = 3*a + 2*p, 0 = -4*a - 2*p - 5 - 1369. Let x = a + 600. Suppose -5*s + x = -131. What is the remainder when s is divided by 20?
17
Suppose 5*t - 2*t = -2*q + 286, 5*t = 2*q - 270. Suppose -4*x + q = x. Suppose -78*m + 668 + 502 = 0. Calculate the remainder when x is divided by m.
13
Let m(x) = 2*x + 0*x**2 - 3 + 2*x**2 + 0*x. What is the remainder when (400/(-8) - -8)/(-3) is divided by m(-3)?
5
Let s be -67 - (-6 - -3)/(1 - 0). What is the remainder when (-8)/s - (-231)/8 is divided by 8?
5
Let w(y) = -y**2 - 2*y + 63. Suppose 5*p = -0*p. What is the remainder when w(p) is divided by 8?
7
Calculate the remainder when 79 is divided by (-90)/120 + 366/8.
34
Suppose 0 = 4*k + 17 + 31. Let r be (0 - -3)*(-232)/k. Suppose 5*m - 12 = r. Calculate the remainder when 55 is divided by m.
13
Calculate the remainder when 8/12*(-126)/(-2) is divided by 33.
9
Let i = 51 - 28. Suppose 5*v + 10 = 3*v. Let g = 0 - v. Calculate the remainder when i is divided by g.
3
Let h(k) = 8*k - 46. Let m = 9 - 0. Calculate the remainder when 152 is divided by h(m).
22
Suppose -4*r + 5*i - 1 = 0, -2*i = -i + 3. Let s = r - -17. Suppose -o + s = -4. What is the remainder when o is divided by 10?
7
Suppose -3*f = 4*j - 313, -43 = -f - 4*j + 56. What is the remainder when f is divided by 38?
31
Suppose 6965 = 23*y - 303. What is the remainder when y is divided by 29?
26
Suppose v - 5*v = -8. Suppose -13 = -v*y - 7. Suppose -3*p = -4*m - 0*m + 55, -5*m - y*p + 35 = 0. What is the remainder when 29 is divided by m?
9
Let t = -133 - -196. What is the remainder when t is divided by 9?
0
Let v = 45 - 26. Let a = v - 7. Calculate the remainder when 23 is divided by a.
11
Let k(c) = 2*c**2 - 12*c + 90. What is the remainder when 179 is divided by k(6)?
89
Suppose 0*w - 4*w + 36 = 0. Suppose 3*i - w = 6. Let n(b) = -b - 6. Calculate the remainder when i is divided by n(-9).
2
Let i = -25 - -79. Calculate the remainder when 267 is divided by i.
51
Let n = 52 - 31. Suppose t + 75 = 5*m, 3*m - 67 = -3*t - 4. What is the remainder when n is divided by 26/39 + m/3?
3
Let q(p) = p**2 + 2*p - 10. What is the remainder when 188 is divided by q(6)?
36
Let j = -5 - -17. Let g = 38 + -35. What is the remainder when (-2)/((g/(-99))/(2/6)) is divided by j?
10
Let w(z) = -z**3 + 8*z**2 + 9. Let u = 82 + -43. Let j = 73 - u. Calculate the remainder when j is divided by w(8).
7
Let z(p) = 3*p**3 + 4*p**2 + 3*p - 3. Let a be z(4). Suppose l = 6*l - a. Suppose 32 = 5*u - l. Calculate the remainder when u is divided by 10.
7
Let y(i) = i**3 + 6*i**2 + 3*i + 7. Let z be y(-7). Let l = z + 89. Let x(r) = 4*r**2 - 3*r - 8. What is the remainder when x(5) is divided by l?
25
Let c(d) = -4*d - 47. What is the remainder when 54 is divided by c(-18)?
4
Suppose -c - 6*c + 42 = 0. Let x be 2079/49 + c/(-14). Suppose 5*a = -2*d + x, 5*d - 127 = 4*a + 44. What is the remainder when d is divided by 8?
7
Suppose -x + 4*x - 48 = 2*k, -3*x + 39 = k. Suppose 5*g + 2 = 4*f - 8, x = 2*f + 2*g. Calculate the remainder when 4/10 + (-88)/(-5) is divided by f.
3
Let b(p) = p**3 - 7*p**2 - 8*p + 7. Let z be b(8). Suppose -5*l - z = -6*t + 3*t, 4*t - 11 = 5*l. Calculate the remainder when 9 is divided by t.
1
Suppose 8 = -4*t, -5*k = 4*t - 66 - 26. Let b(a) = -a + 8. Calculate the remainder when k is divided by b(0).
4
Suppose -52 = -3*z + 5*z. Let q = 37 + z. What is the remainder when q is divided by 7?
4
Let o(r) = 8*r**2 + 58*r - 6. What is the remainder when o(-13) is divided by 33?
31
Suppose 6*w - 9*w = 0. Suppose -k + 3 + 2 = w. Suppose 10*n - 45 = k*n. What is the remainder when 25 is divided by n?
7
Suppose 0 = -54*z + 8517 + 5631. Calculate the remainder when z is divided by 18.
10
Let k = -43 - -56. Suppose -k + 364 = 13*z. Calculate the remainder when 214 is divided by z.
25
What is the remainder when 254 - (5 + -14 - -17) is divided by 64?
54
Let v(d) = -436*d - 1. Let p be v(-1). Suppose 0 = -5*y + 2*x + 242, -4 = y - 2*x - 46. What is the remainder when y is divided by p/33 + 4/(-22)?
11
Let v(u) = u**3 + 17*u**2 + 64*u + 17. What is the remainder when 63 is divided by v(-11)?
24
Suppose -2*i = 27 - 33. Let l = 22 - i. Calculate the remainder when l is divided by 11.
8
What is the remainder when 283 is divided by (-1 - -2)*(2 - 11 - -104)?
93
Suppose 2*n + 52 = 3*f, -2*f + 7 + 6 = 3*n. Let o be 1/2*(0 + 6). Calculate the remainder when 51 + -3 + o - -2 is divided by f.
11
Suppose 18*j = 49*j - 620. What is the remainder when 29 is divided by j?
9
Let g = 1000 + -902. What is the remainder when 367 is divided by g?
73
Suppose -5*x = -0*x - 6810. Suppose 0 = -12*q + x - 186. What is the remainder when q is divided by 25?
23
Let j = 3 - 13. Let z(i) = i**3 + 11*i**2 + 5*i - 5. Calculate the remainder when z(j) is divided by 8.
5
Suppose 4*l + 4*t = 9*l - 630, 0 = -l - 2*t + 112. What is the remainder when (0 - 12)*(-9)/2 is divided by l/(-18) - -7 - (-124)/9?
12
Suppose 200 = 3*k + k. Suppose -2*a = 2*a - z + k, 0 = -z + 2. What is the remainder when 27 is divided by 3 - (1 - a/(-1))?
13
Let p = -332 + 491. Calculate the remainder when p is divided by 41.
36
Let x(k) = 2*k**2 - 20*k - 102. Calculate the remainder when x(18) is divided by 48.
42
Let w = 286 - 131. Suppose 2*j = -3*q + w, 9*j - 153 = 7*j - 5*q. Calculate the remainder when j is divided by 20.
19
Suppose -y - 364 = -t, -17*y + 344 = t - 22*y. What is the remainder when t is divided by 53?
51
Let l be (-1193)/(-1) + 1 + (-6 - -2). Suppose 4*k - 717 = 2*u + 205, 0 = -5*k - 5*u + l. What is the remainder when k is divided by 47?
45
Let l = 11 + -9. Let k be (l/(-4))/((-7)/28). Suppose 0 = 5*d, -2*d = -k*z + 14 - 4. Calculate the remainder when z is divided by 3.
2
Suppose 8 = o - 9. Let l(t) = -t**3 + 6*t**2 + 12 - 5*t**2 + 9*t**2 - o*t. What is the remainder when 10 is divided by l(8)?
2
Suppose 200 = -19*w + 2024. Calculate the remainder when w is divided by 33.
30
Suppose 0 = 4*k - 5*z - 105, -5*k - 4*z + 141 + 21 = 0. Suppose 85*d + 400 = 110*d. What is the remainder when k is divided by d